3))?
-5
Calculate 3 + 9 + (-10 - -3).
5
What is -4 + 3 - 2 - -2?
-1
Calculate -1 + 0 + -4 - (-5 - -3).
-3
Calculate -3 - (0 - (2 - 7 - -5)).
-3
13 - 7 - (1 - -9)
-4
What is the value of (16 - 17 - (-4 - 0)) + -1?
2
Calculate 7 + (-9 + 5 - -1).
4
Evaluate -6 - (1 + -7) - (-5 - -1).
4
Calculate -2 + (-5 - -3) - -9.
5
What is -6 - (-17 + (-9 - -15))?
5
23 + -13 - (2 - -6)
2
Evaluate -10 + 5 + 3 + 5.
3
What is the value of -4 - 0 - (-12 + 4)?
4
Calculate -1 + (7 - 0 - 3) + -4.
-1
Calculate (5 - 6) + 8 + -2.
5
Calculate -4 - 2 - (-22 + 14).
2
(-5 + 3 - 2) + 5
1
What is (4 - 2) + -3 + -1 - -7?
5
Calculate -2 - (0 + (0 - -2) + -7).
3
What is 2 + -9 + -4 + 16 - 7?
-2
What is the value of -6 + (-1 + 7 - (10 - 8))?
-2
Calculate 1 - (4 - 6) - 5.
-2
-13 + 23 - (0 - -6)
4
What is the value of -2 + (-12 - -6 - -8)?
0
-9 + (-1 - (-2 - (5 + -6)))
-9
Evaluate (3 - (5 + -4 + 1)) + -1.
0
What is (3 + 0 - 6) + (11 - 11)?
-3
What is (-2 - -2 - 0) + -5?
-5
(-2 - 2) + 3 + 0 + -3
-4
Calculate 9 + (1 + -1 - 3) - 2.
4
Evaluate -2 - ((-2 - (4 + -3)) + 5).
-4
What is the value of (-9 - -19) + -5 + -7?
-2
What is (0 - (-4 + 3 + 0)) + -3?
-2
What is -1 - (2 - -1) - (103 + -100)?
-7
What is the value of 7 + (0 + 5 - (-3 - -15))?
0
Calculate 5 - 1 - (13 - (5 + 6)).
2
What is 7 - (-1 + 3) - (-12 - -12)?
5
What is the value of -1 - -1 - 3 - -1?
-2
What is (-4 - 1) + 5 + (-2 - 0)?
-2
What is the value of -2 + (14 - 5) - (0 + 4)?
3
Evaluate (-6 - (0 - 3) - -5) + -7.
-5
Evaluate 4 + -7 - (-1 + -7).
5
-4 + -1 + 0 + (-64 - -75)
6
Evaluate (-1 - -1) + -5 + 10 + -4.
1
What is -4 - (-3 - -5) - (-8 - -6)?
-4
Evaluate (-9 - -23) + -7 - (9 + 4).
-6
Evaluate 14 + -10 - (-2 + 6).
0
What is 19 + -5 + 0 + -7?
7
What is (-3 - -10 - 9) + -1?
-3
Calculate -1 - -2 - (18 + -21).
4
Calculate (6 - (0 + 2)) + -3.
1
Calculate 3 - 0 - (5 + (-8 - 2)).
8
What is the value of 3 - (-11 + (13 - 7) - -7)?
1
3 - (-6 - -4) - 9
-4
3 - (2 + (-3 - (2 + -3)))
3
What is 11 + -4 + (-4 - -3)?
6
Calculate 0 - 0 - (3 + (-5 - -7)).
-5
4 - (-9 + 2 + 6)
5
What is the value of (-2 + 7 - 5) + -13 - -5?
-8
Calculate (18 - 20) + (0 - -2).
0
Evaluate 5 + -6 + 0 + 4 + -1.
2
Evaluate -4 - 0 - (-7 - -1).
2
Evaluate -3 - (-9 + (8 - (-4 + 6))).
0
Calculate 9 + -1 + (11 - 15).
4
Evaluate (16 - 15) + (1 - 3) - -1.
0
Calculate -52 - -54 - (1 + -2).
3
Evaluate 4 + 0 + 4 + (-13 - 1).
-6
Evaluate 4 - 1 - (23 - 18).
-2
What is the value of (1 - -3) + (-14 - -8) + 1?
-1
Calculate 3 - -3 - (2 - -8).
-4
Calculate 16 + -21 + 18 + (2 - 6).
9
Calculate 17 + -7 + (4 - 14).
0
Calculate -1 - 1 - (3 + -4 - 2).
1
What is the value of -7 - ((2 + 3 - 9) + -6)?
3
What is 18 + -21 + 7 + -1?
3
Evaluate 5 + 3 + -4 - (5 + 5).
-6
What is -6 + 10 + -16 + (-1 - -8)?
-5
What is (3 - (2 + 4)) + 4?
1
What is -2 + -3 + 0 + 2?
-3
Evaluate -21 + 23 + (2 - 5).
-1
What is -2 + (3 - 1) + -2?
-2
What is the value of -2 + 1 + 2 + 3 + -5?
-1
What is -1 - 1 - (-2 - (8 - 11))?
-3
What is the value of (-3 - ((4 - 3) + -1)) + 0?
-3
(-2 - -1) + (6 - (3 + -2))
4
Evaluate -2 + (2 - 6) + 8.
2
Evaluate (-7 - (3 + -9 - -4)) + 6.
1
Evaluate 4 + -11 + 11 - 4.
0
Calculate 11 + (-10 - -13 - 8).
6
-12 + 18 - (-5 - -4)
7
-4 - (-5 - (-5 - -4))
0
Calculate -10 - (4 - (9 + -2)).
-7
Calculate -10 + 3 - (-5 - (-1 + -1)).
-4
What is (4 - 2) + 4 + 2?
8
Evaluate -6 - (-6 + 3) - -4.
1
What is 11 + -13 + (9 - -1)?
8
Evaluate (2 - (-1 - (-6 + 0))) + 6.
3
Evaluate 0 + -2 + 1 + 3.
2
Calculate 5 + (-6 - -3) + 2.
4
Calculate 5 + (4 - 7 - 0) - 1.
1
Evaluate -2 + -3 - (-5 - -3) - -7.
4
Evaluate 5 - (-15 + 8 + 13).
-1
What is the value of (-2 - (-2 + 3)) + (2 - 1)?
-2
What is the value of 27 - 25 - (-4 + -2)?
8
(23 - 30 - (-11 - 1)) + 1
6
What is 5 - (1 - (-3 + 0))?
1
Calculate 7 + (8 - (11 + -2)) + -1.
5
What is the value of 1 - (0 - -1) - (-341 - -338)?
3
2 - 7 - (1 + 4 + -14)
4
Evaluate (-6 - 1) + (-3 - 4) + 10.
-4
-5 + 5 + (-2 - 2)
-4
Calculate 4 + (2 - 15 - -8).
-1
Calculate 5 + 0 + 5 + (0 - 3).
7
Evaluate 1 + -5 + (1 - (3 + -6)).
0
Evaluate 1 - 1 - (-6 + 11).
-5
1 + -4 + -7 + 7 + 5
2
What is the value of -2 + 0 + (18 - 20) - 0?
-4
What is the value of -2 - (-5 + 1 - 2 - -3)?
1
What is 6 + (-15 - (-8 - -3))?
-4
Evaluate -45 - -40 - (2 - (2 + 1)).
-4
Evaluate -1 - (0 + 0) - -3.
2
What is -4 - (-2 + -1 - (5 + -8))?
-4
Evaluate -1 + 5 - (-45 + 55).
-6
What is 0 + -1 + -4 + 2?
-3
What is -2 + -2 + (1 - -1) + 3?
1
What is the value of 7 - (0 + (4 - (-7 + 5)))?
1
Calculate (14 - (-5 - -8)) + (1 - 6).
6
Calculate -6 - (-2 + -6 + 6).
-4
Evaluate 0 + (-5 - -1) - (246 + -247).
-3
What is -338 + 339 - (1 + (0 - -2))?
-2
Evaluate (-4 - -3) + (-1 - (5 - 5)).
-2
Calculate 0 + -5 + -7 - -8.
-4
What is the value of 17 + -19 + 4 + 1?
3
Calculate (2 + 3 - 12) + 10.
3
Calculate (3 - 6) + (4 - (-7 + 6)).
2
Calculate (0 + -1 - (49 + -47)) + -7.
-10
-3 - (2 + -6 + 6)
-5
(-7 - (-5 + 1)) + (-4 - -1)
-6
What is the value of 5 - (3 - 4 - -2 - 0)?
4
Evaluate -2 + 10 + -1 + (11 - 12).
6
What is -5 + 10 + -2 + -2 + -1?
0
Calculate 7 + 0 - 3 - 2.
2
Calculate 7 - (-4 - (-2 + -5)).
4
What is the value of -12 + 6 - (-4 + -2)?
0
Calculate (-3 - -6) + -2 + (-4 - 0).
-3
What is 0 - (3 + -8 + 6) - -6?
5
-164 + 176 + -1 + -19
-8
Evaluate (-9 - -5 - -4) + -2.
-2
What is the value of 0 + (-11 - 3 - -11)?
-3
Evaluate -7 - (2 + -7 - -1).
-3
-5 + -3 + 5 + -1 + 2
-2
Evaluate 14 + 0 + -1 + -71 + 66.
8
(-17 - -13) + 11 - 1
6
Calculate 0 - ((3 - 2) + 3) - -7.
3
2 + -6 + (12 - 9)
-1
0 + 1 + -10 - (-156 - -152)
-5
What is 10 + -2 - (0 - -3) - 4?
1
What is 13 + -8 + (-2 - (4 + -2))?
1
2 + -1 + -4 - -3
0
What is 0 - (4 + -15 + 11)?
0
-8 - (7 - 11) - 5
-9
-1 + 5 + -4 + 5
5
Calculate -3 - (3 + -7 + 7) - 0.
-6
What is the value of -77 + 71 + -1 + 1?
-6
Evaluate -9 + 7 + -14 + 8 + 3.
-5
What is (-1 - 3) + (17 - 19)?
-6
Evaluate 17 + (-9 - 0) - 8.
0
1 + 0 - 3 - -4
2
What is the value of (33 - 30) + -4 + 0?
-1
What is the value of 13 + -10 + (1 - 0)?
4
Evaluate 11 + -20 + 13 + (-9 - 0).
-5
-2 + (-1 - (-3 - 4))
4
Calculate (4 - 5) + 6 - 5.
0
4 + -4 + 3 + 3 + -3
3
What is -1 + 2 + (2 + 3 - 1)?
5
3 - ((1 - (-3 - -3)) + 2)
0
What is -8 - (-1 + 4 + (9 - 14))?
-6
Calculate -12 + 12 - (-7 + 1).
6
What is -7 + (-1 - 0 - -4)?
-4
Evaluate (-4 - (-10 - -5)) + -4 + -3.
-6
Calculate 12 + -2 + -7 + -7.
-4
What is 7 - (-8 + 21) - (-1 + -14)?
9
Evaluate (0 - -1) + (-6 + 16 - 8).
3
-1 + -2 + (1 - (-2 - -4))
-4
What is the value of -1 + (1 - (-4 + 4))?
0
What is the value of -3 + 1 - (6 - 4)?
-4
What is (0 - 3) + (36 - 28)?
5
-5 + -1 + (-17 - -13) - -3
-7
Evaluate 12 - (-9 - (-20 + 3)).
4
What is the value of -3 - -2 - (-15 + 18)?
-4
Calculate 6 - (0 - (-1 + -3)).
2
-5 - -10 - 1 - (2 + 1)
1
What is the value of 2 + -6 - (0 + -2)?
-2
Calculate 4 + -7 + (35 - 40).
-8
-12 + (3 - 0) - -7
-2
Evaluate -9 + (-3 - -11) + -6.
-7
-2 + -1 - (4 + 5 + -13)
1
Calculate -3 + (-2 - -1) + 1 - 3.
-6
Evaluate 0 + (6 - 6) + 6 + -1.
5
(-4 - -1) + 5 + -3
-1
What is the value of 1 - 5 - (-15 + 1 - -5)?
5
Evaluate -3 + (1 - 0) + -3 + 7.
2
Evaluate 1 - (3 - (-1 + 5)).
2
Calculate 0 - -7 - (62 - 57).
2
What is 3 - 0 - 3 - (10 + -7)?
-3
Calculate 6 - (-6 - (-14 - -1)).
-1
(3 - (4 + -1)) + (-1 - 2)
-3
Calculate -5 - (-5 + (9 - 6)).
-3
1 + 9 + 2 + -1 + -3
8
Evaluate -79 + 71 + 7 + 0.
-1
0 - (8 - (3 - -4))
-1
Calculate (-4 - (6 - (8 - 5))) + 16.
9
What is the value of (-1 - -1) + (-1 - -2 - 4)?
-3
Evaluate 3 + 0 + -4 + -1.
-2
Calculate -4 - (-6 + 6 - (8 + -3)).
1
What is the value of 5 - ((8 - -1) + -2)?
-2
What is the value of (4 - (-3 - -2)) + 61 + -64?
2
What is 6 + 18 + -21 + (2 - 6)?
-1
Calculate -11 - -15 - (-3 - -9).
-2
Calculate (6 - 9) + 0 + 3 + -4.
-4
(2 - 0 - -6) + -9
-1
Evaluate -1 + (5 - 2) - -1.
3
Evaluate -10 - 0 - (-3 - -4 - 6).
-5
Calculate (0 - 4) + -1 + 3.
-2
-16 + 8 + 2 - 1
-7
(-4 + 2 - 1) + -4 - -1
-6
Evaluate -4 - (-1 + 5 + -2 - 4).
-2
((0 - -4) + -2 - 0) + 1
3
What is 7 - 0 - (104 + -93)?
-4
5 - (7 - (7 + -3))
2
Calculate 0 - 5 - (-8 - -6).
-3
What is -2 - (1 + (-10 - -4))?
3
Evaluate -4 - (-5 - (-2 + 3)).
2
Evaluate 5 + (-6 - (-2 - -5)).
-4
Evaluate 9 + 4 + -18 - (3 + -2).
-6
Evaluate 6 - ((-3 - -8) + -2 - 6).
9
What is (16 - 10) + 0 + 0 + -1?
5
2 + 4 + -3 + -4
-1
What is the value of -8 + 4 + 5 - 5?
-4
What is the value of -1 - (3 - 1) - -2 - 4?
-5
2 + 6 + 1 + -2 - 0
7
Wh